umber?
True
Is 438203 a prime number?
True
Is 268123 a composite number?
False
Is 71699 prime?
True
Is 234521 prime?
False
Is 459821 composite?
True
Is 2317 a composite number?
True
Is 150343 composite?
False
Is 457 a prime number?
True
Is 4085371 prime?
True
Is 11827 composite?
False
Is 17669 composite?
False
Is 160739 prime?
True
Is 3107 composite?
True
Is 14165 prime?
False
Is 24279 a composite number?
True
Is 11905 prime?
False
Is 145897 prime?
True
Is 106717 a prime number?
False
Is 953 composite?
False
Is 79703 a composite number?
True
Is 1615763 composite?
False
Is 3804965 a prime number?
False
Is 1934045 a prime number?
False
Is 116031 composite?
True
Is 353063 composite?
True
Is 23753 prime?
True
Is 54461 a composite number?
True
Is 306809 a prime number?
True
Is 8263 composite?
False
Is 9031 a prime number?
False
Is 22271 a composite number?
False
Is 297059 composite?
True
Is 29813 a prime number?
False
Is 1277593 a prime number?
True
Is 253763 composite?
False
Is 2461 a prime number?
False
Is 26551 a composite number?
True
Is 4507 a composite number?
False
Is 64483 composite?
False
Is 160781 a prime number?
True
Is 302 a composite number?
True
Is 1213 prime?
True
Is 2480371 a composite number?
True
Is 28729 prime?
True
Is 3151127 prime?
False
Is 9655 prime?
False
Is 31009 a composite number?
True
Is 4153 a prime number?
True
Is 6619 a prime number?
True
Is 6733 composite?
False
Is 3542327 prime?
True
Is 135143 a prime number?
False
Is 153601 composite?
True
Is 2129057 a prime number?
False
Is 2594303 a composite number?
False
Is 297695 a prime number?
False
Is 6385 prime?
False
Is 13033 prime?
True
Is 23043 a prime number?
False
Is 12443 a prime number?
False
Is 11111 composite?
True
Is 179021 a prime number?
True
Is 237577 composite?
True
Is 8803 prime?
True
Is 19571 a prime number?
True
Is 649 composite?
True
Is 5959 a composite number?
True
Is 208721 prime?
True
Is 911 a composite number?
False
Is 192307 prime?
True
Is 17905 a composite number?
True
Is 8083 prime?
False
Is 8605 composite?
True
Is 105817 a prime number?
True
Is 8999 a composite number?
False
Is 63463 a composite number?
False
Is 8081 prime?
True
Is 249287 a composite number?
False
Is 107689 a composite number?
True
Is 62047 composite?
False
Is 1853081 composite?
False
Is 1561163 a prime number?
True
Is 6779 composite?
False
Is 10937 composite?
False
Is 150667 prime?
False
Is 6911 composite?
False
Is 6709 prime?
True
Is 16909 prime?
False
Is 72583 composite?
True
Is 357301 prime?
False
Is 12981 a prime number?
False
Is 2705 a prime number?
False
Is 22759 composite?
True
Is 372787 composite?
True
Is 97919 a prime number?
True
Is 41279 a prime number?
False
Is 4955 composite?
True
Is 659047 a prime number?
True
Is 33199 a prime number?
True
Is 20465 a composite number?
True
Is 1324327 a prime number?
True
Is 44879 a composite number?
False
Is 47269 a prime number?
True
Is 16507 a prime number?
False
Is 23699 composite?
True
Is 1128349 a composite number?
False
Is 12881 a composite number?
True
Is 2153 composite?
False
Is 1895 a prime number?
False
Is 5227 prime?
True
Is 164147 composite?
False
Is 35419 composite?
False
Is 287801 a prime number?
True
Is 440497 a prime number?
True
Is 10771 composite?
False
Is 9257 prime?
True
Is 37397 a prime number?
True
Is 31751 composite?
False
Is 2024909 a composite number?
False
Is 547595 a composite number?
True
Is 654061 prime?
False
Is 79 composite?
False
Is 1067 a composite number?
True
Is 83491 prime?
False
Is 20741 a composite number?
True
Is 107831 a prime number?
False
Is 267829 a composite number?
False
Is 20087 prime?
False
Is 25199 composite?
True
Is 22147 a prime number?
True
Is 107641 a prime number?
True
Is 115559 a prime number?
False
Is 80107 prime?
True
Is 1401 prime?
False
Is 89431 a composite number?
False
Is 176081 composite?
False
Is 32081 composite?
True
Is 1255 composite?
True
Is 415277 prime?
False
Is 9329 composite?
True
Is 8327 prime?
False
Is 40853 composite?
False
Is 52757 composite?
False
Is 12373 prime?
True
Is 52279 composite?
True
Is 11113 a prime number?
True
Is 5911 a prime number?
False
Is 233517 prime?
False
Is 148969 prime?
False
Is 441949 a composite number?
True
Is 3683 a prime number?
False
Is 4091 prime?
True
Is 2340337 prime?
True
Is 105359 a prime number?
True
Is 557 prime?
True
Is 199103 composite?
False
Is 157721 composite?
False
Is 13963 composite?
False
Is 536119 composite?
True
Is 7171 a composite number?
True
Is 8413 prime?
False
Is 7569745 composite?
True
Is 362057 composite?
True
Is 13747 a prime number?
False
Is 2633 prime?
True
Is 31319 composite?
False
Is 14041 composite?
True
Is 5147 a composite number?
False
Is 1669917 a composite number?
True
Is 3293 a prime number?
False
Is 225937 composite?
True
Is 86381 composite?
False
Is 3427 a composite number?
True
Is 387781 a prime number?
True
Is 60321 a composite number?
True
Is 1191469 composite?
True
Is 312673 composite?
False
Is 11987 a prime number?
True
Is 76243 a composite number?
False
Is 1114 composite?
True
Is 345149 a prime number?
False
Is 257001 a composite number?
True
Is 514669 a composite number?
False
Is 50021 composite?
False
Is 7417 a composite number?
False
Is 92153 a prime number?
True
Is 175217 a composite number?
True
Is 39489 prime?
False
Is 40459 a composite number?
False
Is 116995 composite?
True
Is 41663 composite?
True
Is 132439 prime?
True
Is 33107 prime?
True
Is 28463 a prime number?
True
Is 11677 a composite number?
False
Is 20209 composite?
True
Is 1837 a composite number?
True
Is 23189 a prime number?
True
Is 1069689 a composite number?
True
Is 248057 composite?
False
Is 177 composite?
True
Is 2287067 a composite number?
True
Is 8578 a prime number?
False
Is 1188386 a prime number?
False
Is 9029 composite?
False
Is 20473 a composite number?
True
Is 1246997 prime?
True
Is 36286 prime?
False
Is 205094 a composite number?
True
Is 91 a prime number?
False
Is 1055589 a prime number?
False
Is 1395545 prime?
False
Is 4493 a composite number?
False
Is 58757 prime?
True
Is 591 prime?
False
Is 13501 a composite number?
True
Is 94295 a composite number?
True
Is 8457 a composite number?
True
Is 2811 a composite number?
True
Is 164869 prime?
False
Is 1765 prime?
False
Is 16837 prime?
False
Is 6101 composite?
False
Is 13291 composite?
False
Is 40307 a prime number?
False
Is 2078926 prime?
False
Is 92611 a composite number?
True
Is 120853 composite?
True
Is 5413 a prime number?
True
Is 312053 prime?
False
Is 440303 a prime number?
True
Is 329287 prime?
False
Is 337813 a composite number?
True
Is 63107 a composite number?
True
Is 133843 prime?
True
Is 3589 a prime number?
False
Is 20211 a prime number?
False
Is 63641 a composite number?
True
Is 34657 a prime number?
False
Is 7613 composite?
True
Is 27611 a prime number?
True
Is 6751 a prime number?
False
Is 126713 prime?
True
Is 93963 a composite number?
True
Is 1165991 a prime number?
True
Is 2453 a prime number?
False
Is 137927 composite?
False
Is 5989 composite?
True
Is 15401 a prime number?
True
Is 659419 a prime number?
True
Is 10037 a prime number?
True
Is 57643 a prime number?
False
Is 478 composite?
True
Is 761291 a prime number?
True
Is 77137 a prime number?
True
Is 16253 a composite number?
False
Is 20743 a composite number?
False
Is 536695 prime?
False
Is 2333 a composite number?
False
Is 25945 prime?
False
Is 18617 composite?
False
Is 528611 prime?
True
Is 6217441 a composite number?
False
Is 69347 prime?
False
Is 2559677 a composite number?
False
Is 7787 prime?
False
Is 45791 a composite number?
True
Is 31087 a prime number?
False
Is 3275873 prime?
True
Is 404669 prime?
False
Is 744431 composite?
False
Is 1823 a composite number?
False
Is 54869 composite?
False
Is 284623 composite?
False
Is 586 prime?
False
Is 13753 a prime number?
False
Is 160282 a composite number?
True
Is 202249 prime?
False
Is 4903 a composite number?
False
Is 1373321 composite?
False
Is 1315711 composite?
False
Is 109887 prime?
False
Is 22433 a composite number?
False
Is 32919 prime?
False
Is 41843 a prime number?
True
Is 58069 composite?
True
Is 281339 a prime number?
True
Is 320647 a composite number?
False
Is 21247 prime?
True
Is 22901 a prime number?
True
Is 127769 a prim